{"id":472,"date":"2021-07-06T17:04:09","date_gmt":"2021-07-06T15:04:09","guid":{"rendered":"https:\/\/asscusa.de\/wp\/?page_id=472"},"modified":"2026-02-27T22:14:24","modified_gmt":"2026-02-27T21:14:24","slug":"impressum","status":"publish","type":"page","link":"https:\/\/asscusa.de\/index.php\/impressum\/","title":{"rendered":"Impressum"},"content":{"rendered":"<p>[et_pb_section fb_built=&#8220;1&#8243; fullwidth=&#8220;on&#8220; admin_label=&#8220;Hero Section&#8220; _builder_version=&#8220;4.16&#8243; background_image=&#8220;https:\/\/asscusa.de\/wp-content\/uploads\/2021\/07\/102_4866_1920_2.jpg&#8220; global_colors_info=&#8220;{}&#8220;][et_pb_fullwidth_header subhead=&#8220;IMPRESSUM&#8220; background_overlay_color=&#8220;rgba(0,0,0,0.49)&#8220; content_max_width=&#8220;550px&#8220; _builder_version=&#8220;4.16&#8243; title_font=&#8220;Poppins|700||on|||||&#8220; title_text_color=&#8220;#edbb5f&#8220; title_font_size=&#8220;14px&#8220; title_letter_spacing=&#8220;2px&#8220; title_line_height=&#8220;1.4em&#8220; content_font=&#8220;Poppins||||||||&#8220; content_font_size=&#8220;16px&#8220; content_letter_spacing=&#8220;1px&#8220; content_line_height=&#8220;2em&#8220; subhead_font=&#8220;Inter|700||on|||||&#8220; subhead_font_size=&#8220;50px&#8220; subhead_letter_spacing=&#8220;2px&#8220; subhead_line_height=&#8220;1.4em&#8220; background_color=&#8220;rgba(255, 255, 255, 0)&#8220; background_image=&#8220;https:\/\/asscusa.de\/wp\/wp-content\/uploads\/2021\/07\/102_4866_1920_2.jpg&#8220; custom_button_one=&#8220;on&#8220; button_one_border_width=&#8220;1px&#8220; button_one_border_color=&#8220;rgba(255,255,255,0.3)&#8220; button_one_border_radius=&#8220;0px&#8220; button_one_letter_spacing=&#8220;1px&#8220; button_one_font=&#8220;Saira Extra Condensed|600||on|||||&#8220; button_one_icon=&#8220;&#x24;||divi||400&#8243; button_one_icon_color=&#8220;#edbb5f&#8220; custom_button_two=&#8220;on&#8220; button_two_border_width=&#8220;1px&#8220; button_two_border_color=&#8220;rgba(255,255,255,0.3)&#8220; button_two_border_radius=&#8220;0px&#8220; button_two_letter_spacing=&#8220;1px&#8220; button_two_font=&#8220;Saira Extra Condensed|600||on|||||&#8220; button_two_icon=&#8220;&#x24;||divi||400&#8243; button_two_icon_color=&#8220;#edbb5f&#8220; module_alignment=&#8220;right&#8220; min_height=&#8220;635px&#8220; custom_margin=&#8220;|||&#8220; custom_padding=&#8220;8%||260px|&#8220; button_one_text_color_hover=&#8220;#edbb5f&#8220; button_two_text_color_hover=&#8220;#edbb5f&#8220; button_one_bg_color_hover=&#8220;rgba(0,0,0,0)&#8220; button_two_bg_color_hover=&#8220;rgba(0,0,0,0)&#8220; global_colors_info=&#8220;{}&#8220; button_one_text_size__hover_enabled=&#8220;off&#8220; button_two_text_size__hover_enabled=&#8220;off&#8220; button_one_text_color__hover_enabled=&#8220;on&#8220; button_one_text_color__hover=&#8220;#edbb5f&#8220; button_two_text_color__hover_enabled=&#8220;on&#8220; button_two_text_color__hover=&#8220;#edbb5f&#8220; button_one_border_width__hover_enabled=&#8220;off&#8220; button_two_border_width__hover_enabled=&#8220;off&#8220; button_one_border_color__hover_enabled=&#8220;off&#8220; button_two_border_color__hover_enabled=&#8220;off&#8220; button_one_border_radius__hover_enabled=&#8220;off&#8220; button_two_border_radius__hover_enabled=&#8220;off&#8220; button_one_letter_spacing__hover_enabled=&#8220;off&#8220; button_two_letter_spacing__hover_enabled=&#8220;off&#8220; button_one_bg_color__hover_enabled=&#8220;on&#8220; button_one_bg_color__hover=&#8220;rgba(0,0,0,0)&#8220; button_two_bg_color__hover_enabled=&#8220;on&#8220; button_two_bg_color__hover=&#8220;rgba(0,0,0,0)&#8220;]<\/p>\n<p>&nbsp;<\/p>\n<p>&nbsp;<\/p>\n<p>[\/et_pb_fullwidth_header][\/et_pb_section][et_pb_section fb_built=&#8220;1&#8243; admin_label=&#8220;FAQ&#8220; _builder_version=&#8220;4.16&#8243; min_height=&#8220;5737px&#8220; custom_padding=&#8220;100px|0px|100px|0px&#8220; global_colors_info=&#8220;{}&#8220;][et_pb_row use_custom_gutter=&#8220;on&#8220; gutter_width=&#8220;4&#8243; _builder_version=&#8220;4.16&#8243; animation_style=&#8220;fade&#8220; locked=&#8220;off&#8220; global_colors_info=&#8220;{}&#8220;][et_pb_column type=&#8220;4_4&#8243; _builder_version=&#8220;4.16&#8243; custom_padding=&#8220;|||&#8220; global_colors_info=&#8220;{}&#8220; custom_padding__hover=&#8220;|||&#8220;][et_pb_text _builder_version=&#8220;4.16&#8243; text_font=&#8220;Inter||||||||&#8220; header_font=&#8220;Inter||||||||&#8220; header_2_font=&#8220;Inter|700|||||||&#8220; header_2_font_size=&#8220;40px&#8220; header_2_letter_spacing=&#8220;1px&#8220; header_2_line_height=&#8220;1.4em&#8220; header_3_font=&#8220;Poppins|700||on|||||&#8220; header_3_text_color=&#8220;#edbb5f&#8220; header_3_font_size=&#8220;14px&#8220; header_3_letter_spacing=&#8220;1px&#8220; header_3_line_height=&#8220;2em&#8220; transform_scale_linked=&#8220;off&#8220; transform_translate=&#8220;18px|0px&#8220; transform_translate_linked=&#8220;off&#8220; transform_origin=&#8220;100%|50%&#8220; module_alignment=&#8220;center&#8220; global_colors_info=&#8220;{}&#8220;]<\/p>\n<h3 style=\"text-align: left;\"><\/h3>\n<h2>UND GESETZLICH VORGESCHRIEBENE ANGABEN<\/h2>\n<p>[\/et_pb_text][et_pb_divider color=&#8220;#CC0000&#8243; divider_weight=&#8220;2px&#8220; _builder_version=&#8220;4.16&#8243; max_width=&#8220;60px&#8220; module_alignment=&#8220;center&#8220; height=&#8220;2px&#8220; global_colors_info=&#8220;{}&#8220;][\/et_pb_divider][\/et_pb_column][\/et_pb_row][et_pb_row _builder_version=&#8220;4.16&#8243; custom_margin=&#8220;|||&#8220; custom_padding=&#8220;27px|||||&#8220; global_colors_info=&#8220;{}&#8220;][et_pb_column type=&#8220;4_4&#8243; _builder_version=&#8220;4.16&#8243; custom_padding=&#8220;|||&#8220; global_colors_info=&#8220;{}&#8220; custom_padding__hover=&#8220;|||&#8220;][et_pb_blurb title=&#8220;GEM\u00e4ss \u00a7 5 TELEMEDIENGESETZ (TMG)&#8220; use_icon=&#8220;on&#8220; font_icon=&#8220;&#xe064;||divi||400&#8243; icon_color=&#8220;RGBA(0,0,0,0)&#8220; icon_placement=&#8220;left&#8220; _builder_version=&#8220;4.27.4&#8243; header_font=&#8220;Inter|700||on|||||&#8220; header_text_align=&#8220;left&#8220; header_font_size=&#8220;19px&#8220; header_letter_spacing=&#8220;1px&#8220; header_line_height=&#8220;1.8em&#8220; body_font=&#8220;Inter||||||||&#8220; body_text_color=&#8220;#3D3D3D&#8220; body_font_size=&#8220;16px&#8220; body_line_height=&#8220;1.8em&#8220; custom_margin=&#8220;|0px|60px|0px|false|false&#8220; animation_style=&#8220;zoom&#8220; animation_intensity_zoom=&#8220;30%&#8220; animation=&#8220;off&#8220; border_style_all=&#8220;dashed&#8220; locked=&#8220;off&#8220; global_colors_info=&#8220;{}&#8220;]<\/p>\n<div id=\"main\" class=\"\">\n<div id=\"content\">\n<section class=\"wrap_content\">\n<div class=\"main-content master-section-content no-detect small-padding\">\n<div class=\"container-fluid\">\n<div class=\"row\">\n<div class=\"col-md-6 colorize-column\">\n<div class=\"text-block\">\n<h6 style=\"text-align: left;\"><\/h6>\n<p style=\"text-align: left;\"><strong>Sitz der Gesellschaft:<\/strong><br \/>ASSCUSA GmbH<br \/>Geiselr\u00f6hlitzer Stra\u00dfe 1<br \/>06242 Braunsbedra<\/p>\n<p style=\"text-align: left;\">Fon: +49 34633 23012<\/p>\n<p style=\"text-align: left;\"><a href=\"mailto:info@asscusa.eu\">info@asscusa.eu<\/a><br \/><a href=\"http:\/\/www.asscusa.de\">www.asscusa.de<\/a><\/p>\n<p style=\"text-align: left;\"><strong>Kundenberatung | Betreuung<\/strong><\/p>\n<p style=\"text-align: left;\">ASSCUSA GmbH<br \/>Griegstra\u00dfe 2<br \/>14193 Berlin<\/p>\n<p style=\"text-align: left;\">Fon: +49 30 21002139<br \/><a href=\"mailto:info@asscusa.eu\">info@asscusa.eu<\/a><br \/><a href=\"http:\/\/www.asscusa.de\">www.asscusa.de<\/a><\/p>\n<p style=\"text-align: left;\">Vertretungsberechtigung, Handelsregister<\/p>\n<p style=\"text-align: left;\">Die ASSCUSA GmbH ist im Handelsregister des Amtsgerichts Stendal eingetragen zu HRB 7417.<\/p>\n<p style=\"text-align: left;\">Die Gesellschaft wird gesetzlich vertreten durch den Gesch\u00e4ftsf\u00fchrerin Ina Charlotte Sch\u00f6nburg.<\/p>\n<p style=\"text-align: left;\"><strong>Haftungsausschluss:<\/strong><\/p>\n<p style=\"text-align: left;\">Die Informationen auf dieser Website dienen der Darstellung ASSCUSA GmbH und stellt keine Beratung dar und kann diese auch nicht ersetzen. Der Inhalt dieser Website stellt kein Angebot zum Abschluss eines Auftrages dar. Es ist lediglich die Aufforderung zur Abgabe von Angeboten.<\/p>\n<p style=\"text-align: left;\">Unsere hier pr\u00e4sentierten Informationen sind kostenlos und unverbindlich. Sie wurden sorgf\u00e4ltig erstellt. Wir \u00fcbernehmen gleichwohl keine Haftung f\u00fcr die Vollst\u00e4ndigkeit, Aktualit\u00e4t und inhaltliche Richtigkeit der zur Verf\u00fcgung gestellten Informationen dieser Website. Ebenso wird keine Haftung f\u00fcr Fehler redaktioneller und technischer Art \u00fcbernommen. Haftungsanspr\u00fcche aus materiellen und immateriellen Sch\u00e4den, welche sich durch die Nutzung fehlerhafter oder unvollst\u00e4ndiger Informationen oder durch die Nutzung oder Nichtnutzung der angebotenen Informationen ergeben k\u00f6nnten, sind grunds\u00e4tzlich ausgeschlossen, es sei denn, ASSCUSA GmbH oder ihre Mitarbeiter trifft nachweislich Vorsatz oder grob fahrl\u00e4ssiges Verschulden.<\/p>\n<p style=\"text-align: left;\">Wir behalten uns das Recht vor, an den eingestellten Inhalten und Angeboten der Website zu jeder Zeit \u00c4nderungen an Teilen oder dem gesamten Inhalt vorzunehmen, diese zu erg\u00e4nzen, zu entfernen oder ganz einzustellen. Die dargestellten Informationen und Angebote dieser Website sind unverbindlich und freibleibend.<\/p>\n<p style=\"text-align: left;\">Sollten Formulierungen dieses Haftungsausschlusses oder Teile davon mit der geltenden Rechtslage nicht mehr oder nur noch partiell \u00fcbereinstimmen, so bleibt hiervon die G\u00fcltigkeit der \u00fcbrigen Teile dieses Textes mit seinem Inhalt unber\u00fchrt.<\/p>\n<p style=\"text-align: left;\"><strong>Hinweis zu den Links auf der Webseite:<\/strong><\/p>\n<p style=\"text-align: left;\">Auf dieser Webseite finden Sie Links zu anderen Webseiten im Internet. Bei Links handelt es sich um \u201elebende\u201c (dynamische) Verweisungen. Wir erkl\u00e4ren ausdr\u00fccklich, dass wir keinerlei Einfluss auf die Gestaltung und die Inhalte dieser Seiten haben und machen uns diese Inhalte nicht zu eigen. Wir k\u00f6nnen daher keine Garantie f\u00fcr das Funktionieren der Seiten noch eine Haftung f\u00fcr die Richtigkeit, Vollst\u00e4ndigkeit und Aktualit\u00e4t der dort angebotenen Informationen \u00fcbernehmen.<\/p>\n<p style=\"text-align: left;\">Bei der Erstellung der Verlinkung auf Seiten externer Anbieter sind diese Seiten mit gro\u00dfer Sorgfalt auf illegale Inhalte \u00fcberpr\u00fcft worden. Die Inhalte und die Gestaltung der verlinkten Seiten k\u00f6nnen ohne unser Wissen oder unseren Einfluss zu jeder Zeit ver\u00e4ndert werden. Die ASSCUSA GmbH distanziert sich ausdr\u00fccklich von allen Inhalten und Gestaltungen verlinkter Seiten, welche nach der Linksetzung ver\u00e4ndert wurden. Soweit wir feststellen, dass ein konkretes Angebot, zu dem wir einen Link bereitgestellt haben, eine zivil- oder strafrechtliche Verantwortlichkeit ausl\u00f6st, werden wir den Verweis auf dieses Angebot unverz\u00fcglich aufheben, soweit uns dies technisch m\u00f6glich und zumutbar ist.<\/p>\n<p style=\"text-align: left;\">Der obige Haftungsausschluss gilt entsprechend auch f\u00fcr Inhalte und Gestaltungen solcher Seiten, die durch weiterf\u00fchrende Hyperlinks der verlinkten Seite erreicht werden k\u00f6nnen. Eine Haftung f\u00fcr Hyperlinks kann daher nicht \u00fcbernommen werden.<\/p>\n<p style=\"text-align: left;\"><strong>Urheberrecht:<\/strong><\/p>\n<p style=\"text-align: left;\">F\u00fcr unsere Texte, Bilder und Grafiken, insbesondere f\u00fcr unsere Datenbanken, beanspruchen wir das Urheberrecht. Die Vervielf\u00e4ltigung, Verbreitung oder sonstige Nutzung der Angaben, Grafiken, Bilder\u00a0 und Beitr\u00e4ge auf diesen Web-Seiten in jedem Medium bed\u00fcrfen der vorherigen schriftlichen Zustimmung von ASSCUSA GmbH.<\/p>\n<p style=\"text-align: left;\">Die unerlaubte Verwendung, Reproduktion oder Weitergabe im Allgemeinen, das Downloaden oder Kopieren einzelner Inhalte oder kompletter Seiten, insbesondere von Datenbanken oder Bildern unserer Website, k\u00f6nnen sowohl zivilrechtlich als auch strafrechtlich verfolgt werden.<\/p>\n<p style=\"text-align: left;\">Genannte oder durch Dritte gesch\u00fctzte Marken unterliegen den jeweils geltenden gesetzlichen Bestimmungen des Kennzeichenrechts und den Besitzrechten des jeweils eingetragenen Eigent\u00fcmers.\u00a0 Wir danken unseren Kunden f\u00fcr die freundliche Genehmigung zur Einbindung projektspezifischer Screenshots.<\/p>\n<p style=\"text-align: left;\"><strong>Datenschutzhinweis nach \u00a7\u00a7 12, 13 Telemediengesetz (TMG):<\/strong><\/p>\n<p style=\"text-align: left;\">Sollten Sie E-Mails an uns schreiben oder Kontakt \u00fcber das Formular aufnehmen, werden die von Ihnen mitgeteilten personenbezogenen Daten gespeichert.<\/p>\n<p style=\"text-align: left;\">Personenbezogene Informationen im Sinne des Bundesdatenschutzgesetzes (BDSG) sind Einzelangaben \u00fcber pers\u00f6nliche und sachliche Verh\u00e4ltnisse einer bestimmten oder bestimmbaren Person. Dies k\u00f6nnen neben Name, Anschrift, Geburtsdatum zum Beispiel auch Telefonnummer und Email-Adresse sein.<\/p>\n<p style=\"text-align: left;\">Alle Daten, die Sie uns \u00fcbermitteln, werden vertraulich behandelt, auf gesicherten Servern gespeichert, nur wenigen befugten Personen zug\u00e4nglich gemacht, nicht f\u00fcr Werbezwecke genutzt und nicht an Dritte weitergegeben oder diesen zug\u00e4nglich gemacht. Ihr Nutzungsverhalten wird bei dem Abruf dieser Seiten nicht in einer Datei (Cookie) gespeichert.<\/p>\n<p style=\"text-align: left;\">Anonyme Daten \u00fcber Ihr Nutzungsverhalten, wie z.B. die IP-Nummer, Datum und Uhrzeit des Zugriffs auf einzelne Seiten dieses Internet-Angebotes werden automatisch in Form von Logfiles zur Sicherheit gespeichert. Eine Zusammenf\u00fchrung mit Nutzungsprofilen ist wegen der Nichtverwendung von Cookies nicht gegeben.<\/p>\n<p style=\"text-align: left;\">Nutzung des Mediendienstes Google Analytics:<\/p>\n<p style=\"text-align: left;\">Ihre Besuche auf dieser Internet-Pr\u00e4sens werden protokolliert und im Rahmen des Web-Services \u201cGoogle Analytics\u201d anonymisiert ausgewertet. Beim Besuch dieser Seiten erkl\u00e4ren Sie sich damit einverstanden, dass wir Ihre anonymisierten Daten zu statistischen Zwecken auswerten.<\/p>\n<p style=\"text-align: left;\"><strong>Daten\u00fcbermittlung:<\/strong><\/p>\n<p style=\"text-align: left;\">Bitte beachten Sie, dass unverschl\u00fcsselte Kommunikation via E-Mail unsicher ist. Dies betrifft sowohl den Inhalt, als auch den Zugang von E-Mails. Wir weisen darauf hin, dass eine Haftung f\u00fcr nicht \u00fcbermittelte Mitteilungen ausgeschlossen ist. Bitte setzen Sie sich in dringenden F\u00e4llen, etwa zur Terminswahrung, telefonisch mit unserem B\u00fcro in Verbindung.<\/p>\n<p style=\"text-align: left;\">Bei unverschl\u00fcsselter Erst\u00fcbermittlung einer E-Mail wird davon ausgegangen, dass Sie mit unverschl\u00fcsselter Kommunikation einverstanden sind, sofern Sie nicht eine andere Art der Kommunikation w\u00fcnschen. Bei Fragen setzen Sie sich bitte mit uns in Verbindung.<\/p>\n<p style=\"text-align: left;\"><strong>Beschwerden\/Aufsichtsbeh\u00f6rden:<\/strong><\/p>\n<p style=\"text-align: left;\">Ihre individuelle, pers\u00f6nliche und kompetente Beratung ist unser Ziel. Sollten Sie dennoch einmal nicht zufrieden sein, wenden Sie sich bitte in erster Linie an uns. Nur ein so gewecktes Problembewusstsein f\u00fchrt zu der M\u00f6glichkeit, die Probleml\u00f6sung aktiv anzugehen.<\/p>\n<p style=\"text-align: left;\">Die zust\u00e4ndigen Aufsichtsbeh\u00f6rden benennen wir Ihnen wie folgt:<\/p>\n<p style=\"text-align: left;\">I. Gewerberechtlich:<br \/>Stadt Braunsbedra<br \/>Markt 1<br \/>06242 Braunsbedra<br \/>Fon: +49 34633 40-116<br \/>Fax: +49 34633 40-100<\/p>\n<p style=\"text-align: left;\">II. Handelsregisterrechtlich:<br \/>Amtsgericht Stendal<br \/>Scharnhorststra\u00dfe 40<br \/>39576 Hansestadt Stendal<br \/>Fon: +49 3931 58-0<br \/>Fax: +49 3931 58-2000<br \/><a title=\"Unter diesem Link k\u00f6nnen Sie eine E-Mail verfassen\" class=\"mail\">ag-sdl(at)justiz.sachsen-anhalt.de<\/a><\/p>\n<p style=\"text-align: left;\">III. Im \u00fcbrigen steht Ihnen ggf. der Zivilrechtsweg offen.<br \/>Abschlie\u00dfender Hinweis:<\/p>\n<p style=\"text-align: left;\">Die durch die Nutzung der Internetseiten entstandene Rechtsbeziehung zwischen Ihnen und ASSCUSA GmbH unterliegt dem Recht der Bundesrepublik Deutschland. Bei Rechtsstreitigkeiten mit Vollkaufleuten, die aus der Nutzung dieser Internetseiten resultieren, ist der Gerichtsstand der Sitz der ASSCUSA GmbH.<\/p>\n<p style=\"text-align: left;\">Ihre ASSCUSA GmbH<\/p>\n<\/div>\n<\/div>\n<\/div>\n<\/div>\n<\/div>\n<\/section>\n<\/div>\n<\/div>\n<footer class=\"footer\">\n<div class=\"footer-bottom-area\">\n<div class=\"credits-social\" style=\"text-align: left;\"><\/div>\n<\/div>\n<\/footer>\n<p>[\/et_pb_blurb][\/et_pb_column][\/et_pb_row][\/et_pb_section][et_pb_section fb_built=&#8220;1&#8243; admin_label=&#8220;Contact&#8220; _builder_version=&#8220;4.16&#8243; background_image=&#8220;https:\/\/asscusa.de\/wp\/wp-content\/uploads\/2021\/07\/consutant-03.jpg&#8220; custom_margin=&#8220;|||&#8220; custom_padding=&#8220;0px|0px|0px|0px&#8220; box_shadow_style=&#8220;preset7&#8243; box_shadow_horizontal=&#8220;0px&#8220; box_shadow_vertical=&#8220;80px&#8220; box_shadow_color=&#8220;#ffffff&#8220; global_colors_info=&#8220;{}&#8220;][\/et_pb_section]<\/p>\n","protected":false},"excerpt":{"rendered":"<p>&nbsp; &nbsp; UND GESETZLICH VORGESCHRIEBENE ANGABEN Sitz der Gesellschaft:ASSCUSA GmbHGeiselr\u00f6hlitzer Stra\u00dfe 106242 Braunsbedra Fon: +49 34633 23012 info@asscusa.euwww.asscusa.de Kundenberatung | Betreuung ASSCUSA GmbHGriegstra\u00dfe 214193 Berlin Fon: +49 30 21002139info@asscusa.euwww.asscusa.de Vertretungsberechtigung, Handelsregister Die ASSCUSA GmbH ist im Handelsregister des Amtsgerichts Stendal eingetragen zu HRB 7417. Die Gesellschaft wird gesetzlich vertreten durch den Gesch\u00e4ftsf\u00fchrerin Ina Charlotte Sch\u00f6nburg. [&hellip;]<\/p>\n","protected":false},"author":1,"featured_media":0,"parent":0,"menu_order":0,"comment_status":"closed","ping_status":"closed","template":"","meta":{"_et_pb_use_builder":"on","_et_pb_old_content":"","_et_gb_content_width":"","footnotes":""},"class_list":["post-472","page","type-page","status-publish","hentry"],"_links":{"self":[{"href":"https:\/\/asscusa.de\/index.php\/wp-json\/wp\/v2\/pages\/472","targetHints":{"allow":["GET"]}}],"collection":[{"href":"https:\/\/asscusa.de\/index.php\/wp-json\/wp\/v2\/pages"}],"about":[{"href":"https:\/\/asscusa.de\/index.php\/wp-json\/wp\/v2\/types\/page"}],"author":[{"embeddable":true,"href":"https:\/\/asscusa.de\/index.php\/wp-json\/wp\/v2\/users\/1"}],"replies":[{"embeddable":true,"href":"https:\/\/asscusa.de\/index.php\/wp-json\/wp\/v2\/comments?post=472"}],"version-history":[{"count":34,"href":"https:\/\/asscusa.de\/index.php\/wp-json\/wp\/v2\/pages\/472\/revisions"}],"predecessor-version":[{"id":731,"href":"https:\/\/asscusa.de\/index.php\/wp-json\/wp\/v2\/pages\/472\/revisions\/731"}],"wp:attachment":[{"href":"https:\/\/asscusa.de\/index.php\/wp-json\/wp\/v2\/media?parent=472"}],"curies":[{"name":"wp","href":"https:\/\/api.w.org\/{rel}","templated":true}]}}